(t) = -6*i(t) - q(t). Let x be 1 + (-28)/(-4) + -1. Is o(x) a prime number?
False
Suppose -5*u + 181 = -1239. Let a = u - 198. Is a a prime number?
False
Suppose 7*n = 2*n - 2*v + 34, -10 = -5*v. Is n/(-15) + (-1281)/(-15) a prime number?
False
Let n(q) = 29*q + 3. Let s be n(5). Suppose -j - j = -s. Is j a composite number?
True
Let r(n) = -n**3 - 5*n**2 + 13*n + 2. Is r(-9) composite?
True
Suppose -8 = 3*r - 2. Let h be 2 - -1 - (2 + r). Suppose -h*j + 249 + 42 = 0. Is j a composite number?
False
Is (-143661)/(-35) - (-4)/10 composite?
True
Suppose 3*l - 5*h - 52 = 0, -2*h + 22 - 1 = l. Is l prime?
True
Let t(f) = -477*f - 19. Is t(-10) a prime number?
True
Let r(v) = 41*v**2 + 11*v + 29. Is r(-6) composite?
False
Let g(j) = -5*j**3 - 1. Let t be g(-1). Suppose -t*n - r = -40, 0 = 3*n + 3*r + 12 - 33. Is n a prime number?
True
Suppose -3*d = 4*c - 9, -c - 3*d = -3*c - 9. Suppose 10 = 4*g - 2. Is (g + c)*(-3)/(-3) a composite number?
False
Let m be 2 + 12/4 + 5. Is 211/(-2)*m/(-5) a prime number?
True
Suppose k = 3*k - 1082. Is k composite?
False
Let l(z) = -z**2 + 41*z + 11. Is l(24) a composite number?
False
Let c(b) = b**3 + 6*b**2 + b + 8. Let z be c(-6). Let v(j) = j**2 + 6*j**2 + 2 + 2*j + 3*j + j**3 + z*j**2. Is v(-5) composite?
True
Let j(y) = 29*y**2 + 2*y + 1. Is j(-2) a prime number?
True
Is 5352/36 - (-2)/6 prime?
True
Suppose 5*w + 2*z = 19, 11 = w - 0*w + 4*z. Suppose -i + 5*v = -20 - 10, -5*v = w*i - 190. Is i a prime number?
False
Suppose -16 = -2*y + 3*l, -2*y - 3*y + 22 = -3*l. Let z(o) = 30*o + 2. Is z(y) a prime number?
False
Is 1 - -2608 - 0/(5 - -3) a composite number?
False
Suppose -832 = -4*r - 4*b, b - 424 = -2*r - 5. Is r prime?
True
Let c(a) = a**2 + 7*a + 5. Let i = -19 + 10. Is c(i) a composite number?
False
Let n(q) = 20*q**2 + 3*q - 1. Suppose 0 = b - 11 + 7. Is n(b) a prime number?
True
Let z(t) be the first derivative of t**3/3 - 4*t**2 + 10*t + 3. Let b be z(7). Suppose i = -j + 36, -i + b*j = 3*i - 137. Is i a prime number?
False
Suppose -h = -2*q - 93, -2*q - q - 472 = -5*h. Is h a composite number?
True
Let z(l) = l**2 - 5*l + 1193. Is z(0) prime?
True
Let w(k) = -k**2 + 3*k - 2. Let h be w(2). Suppose 0*i = -x - 2*i, x - 3*i = h. Suppose 2*o + 2*o - 132 = x. Is o a composite number?
True
Suppose 0 = -c + 5*c - 508. Suppose 0 = 4*b - 3*b - c. Is b a composite number?
False
Suppose 3*j + 4*h + 17 = 4*j, j - 21 = 2*h. Is j a composite number?
True
Is 4/(-12)*-3 - -36 a composite number?
False
Let i = -1 - -5. Suppose -2*w + i*l = 8, 3*w - 3 - 1 = -2*l. Suppose -3*n - 31 = -2*q - 4*n, w = 3*q - 5*n - 27. Is q a prime number?
False
Suppose -3*k - 10089 = -5*p, -484 + 4532 = 2*p + 5*k. Is p a prime number?
False
Let a = -20 - -36. Suppose 7*m = 3*m + a, 0 = 4*c - 4*m - 556. Is c a composite number?
True
Suppose -148 = -2*k - 2*k. Suppose -4*x + 2*f = x - k, 1 = x - 2*f. Suppose v - 4 = x. Is v prime?
True
Is 14*4/(16/614) a composite number?
True
Let y be (0 - (-6)/(-4))*-2. Suppose 0*s = y*s - 24. Suppose s = n + 1. Is n composite?
False
Let r(m) = -m**3 - m**2 + m + 3. Let z be r(0). Let c = z - -3. Let d(o) = o**2 - 4*o + 2. Is d(c) a prime number?
False
Let p(w) = w. Let l be p(2). Is 72 - 6/(l/1) composite?
True
Is 4/(8/(-2)) - -500 composite?
False
Is 39*((-22)/(-6) + -3) a prime number?
False
Suppose 1797 = h - 34. Is h a composite number?
False
Suppose -6*i - 2*i = -4984. Is i prime?
False
Suppose 0 = -p - 2*p + 6. Suppose -4*h + y + 17 = -110, -142 = -4*h - p*y. Is h composite?
True
Is 4172/21 + 1/3*1 a prime number?
True
Let l(p) = -p**2 + 13*p - 5. Let c(v) = -v**2 + 12*v - 6. Let u(o) = -3*c(o) + 2*l(o). Is u(11) a composite number?
False
Suppose -2*y - f + 106 = 0, 8*f - 5*f = 5*y - 243. Let m(o) = 8*o**2 + o - 1. Let t be m(-3). Let n = y + t. Is n a prime number?
False
Let k be (6/(-9))/(1/(-6)). Suppose l = 2*f + 61, k*l - 200 - 52 = 4*f. Is l a prime number?
False
Let q(r) = 15*r**2 - 4*r + 8. Is q(-9) a prime number?
True
Is (-10)/(-20)*(-1 - -3119) composite?
False
Suppose 1231 = 5*m + 396. Is m a prime number?
True
Let a(d) = 3*d**2 - d. Let y(j) = 4*j**2 - j + 1. Let x(t) = 3*a(t) - 2*y(t). Let c be x(2). Suppose 2*n - 24 - 2 = c. Is n prime?
True
Let r(t) = t**2 - 5*t + 1. Let z be r(5). Suppose k + z = -5*s, 2*k + s = -s + 30. Is k composite?
False
Is -54*(4 + -7) + 4 a prime number?
False
Let h(k) = 155*k - 24. Is h(7) prime?
True
Is 462/4*(-12)/(-18) a prime number?
False
Let i(c) = 313*c**2 - 2*c + 3. Is i(-2) prime?
True
Let m = 431 + 1392. Is m a composite number?
False
Let k be ((-2)/(-4))/(1/18). Suppose -5*c = -i, -4*c - k = -4*i + 7. Suppose i*o - q - 65 = 0, -2*o - 5*q = o - 67. Is o prime?
False
Let p = -32 - -283. Is p composite?
False
Let u be 3 - (-29 - 0/4). Let d = u + 3. Is d prime?
False
Let h(g) = g. Let w be h(5). Suppose -2*z + 2*n + w = -3*n, n = -5*z - 1. Suppose -5*m + 105 = -z*o + 5*o, 4*o + 5*m - 86 = 0. Is o composite?
False
Let s(d) = -4*d - 9 - 9*d - 2*d**2 - d - 5*d**2. Let f(c) = -c**2 - c. Let w(u) = 4*f(u) - s(u). Is w(-7) prime?
False
Let v(t) = t**3 + 9*t**2 + 7*t - 6. Let m be v(-8). Suppose m*x - 25 = -4*y + 13, -3*x + 68 = -5*y. Is x composite?
True
Suppose -u - 158 = -5*g, g + 0*u - 43 = 4*u. Is g a composite number?
False
Let i = -89 - -125. Suppose -12 = 4*s + i. Is 2 - (-2 - -3) - s composite?
False
Suppose -3*g - 3*h = 2*g - 302, -g - 4*h + 74 = 0. Is g prime?
False
Let r(c) = 4*c**2 + 2*c + 1. Let k be r(-1). Suppose 0*l - k = -l. Suppose 2*i - l*i + 4 = 0. Is i a composite number?
True
Let i(z) = 2*z**3 + 4*z**2 - 1. Let a be i(3). Let n = -129 + a. Is -1 + -1 - (0 + n) a composite number?
True
Let x(h) = -24*h - 1. Let c be x(-1). Suppose 0 = -5*p + 12 + c. Is p a prime number?
True
Suppose y + 4*q + 74 = 0, 5*y = 3*q + 2*q - 345. Suppose -3*k + 597 = 4*a - 4*k, -2*k = 2. Let c = y + a. Is c a prime number?
True
Let u be -3*1 - (9 - 10). Is 3 - 520/u - 0 composite?
False
Let q be -7 - -8 - (2 - 1). Suppose 5*a - 185 - 590 = q. Is a a composite number?
True
Let c(b) = -13*b**2 + b. Let q be c(1). Let l be ((-3)/9 + 0)*q. Let p = l - -6. Is p prime?
False
Let n(w) = 210*w**3 + 2*w**2 - 1. Is n(1) composite?
False
Suppose 2*s = 163 + 81. Is s a prime number?
False
Let n = 38 + -19. Suppose -2*d + 3*d - n = 0. Is d a composite number?
False
Let j(q) = -3*q**3 + 2*q**2 + q - 7. Is j(-4) composite?
True
Let v = 376 - 215. Is v composite?
True
Let g(y) = -8*y + 4. Let o be g(6). Let f = 63 + o. Is f a composite number?
False
Let g(q) = -q**2 + 5*q. Suppose -4*w = -16 - 0. Let o be g(w). Suppose o*k - 79 = 117. Is k composite?
True
Let v = -24 - -22. Let p(z) = -5*z - 26*z - z + 1. Is p(v) composite?
True
Let i(r) = -r**3 - 6*r**2 + 6*r - 6. Let h be i(-7). Suppose -p + 2 = -h. Is -1 - p/(9/(-69)) composite?
True
Suppose 2*x = -3*x + 5. Let i(y) = 56*y**3 - 1. Let j be i(x). Let u = j - 8. Is u prime?
True
Suppose -587 = 3*v + 5*t, 191 = -0*v - v + 3*t. Is (-7 + 9)*v/(-4) a composite number?
False
Is 200/1 + 12/4 a prime number?
False
Let h be ((-1)/(-2))/((-1)/2). Let d(l) = -5 - 486*l + 3 + 0 + 3. Is d(h) a composite number?
False
Let h(t) = -t - 10. Let d be h(-7). Let a = d - -3. Suppose a = -2*o + 7*o + 5*x - 145, -101 = -4*o + x. Is o prime?
False
Let v = 1174 - 201. Is v composite?
True
Let z(u) = -u**2 + 7*u - 6. Let n be z(5). Let p be 203 + 0 - (2 + 0). Suppose n*r - r = p. Is r composite?
False
Let r be ((-1)/(-1) - -304) + -1. Suppose 4*k - 223 = -5*x, 2*x - r = -5*k - 38. Suppose 0 = -3*v + v + k. Is v prime?
False
Let s be (-2)/5 - (-4)/10. Let p be 1 + 1 + 2 + s. Suppose 3*d = 2*m - 95, -d + 230 = p*m + d. Is m composite?
True
Let r be -6 + -7 - (-1)/(-1). Is ((-4)/6)/(r/777) a composite number?
False
Suppose -n - 10 = -6*n. Suppose 5*i - n*i = 339. Is i prime?
True
Suppose -h - 3*q + 0*q = -950, q = -h + 960. Is h prime?
False
Suppose c + 19 = 142. Is c prime?
False
Let h(t) = -t + 115. Is h(0) a composite number?
True
Suppose 5*p = -h + 4076, -2*p + 467 + 1149 = 4*h. Suppose -3*v + 5*n = -599, 4*v - 2*n + 4*n - p = 0. Is v prime?
False
Let o(c) = -5*c + 0*c - 2*c. Let x(d) = -d**3 - d**2 - d + 1. Let z be x(1). Is o(z) a prime number?
False
Let r(w) = w**3 - 6*w**2 - 7*w + 2. Let p be r(7). Let m be p/10 - (-1852)/(-10). Let s = 